e factors of o?
2, 3, 5, 7
Let t = 65 + -36. Let j = 101 - t. What are the prime factors of j?
2, 3
Let g(x) = -x**3 + 22*x**2 - 16*x + 20. What are the prime factors of g(19)?
17, 47
Let r(d) = -28*d - 191. List the prime factors of r(-17).
3, 5, 19
Suppose 5*w = -5*r + 3815, 21*w - 2*r - 757 = 20*w. What are the prime factors of w?
761
Let l(q) = -3*q**2 - q**2 + 0*q**2 - 4 - 2*q**3 - 2*q. Suppose 7*h + 26 = 5. List the prime factors of l(h).
2, 5
Suppose -2*t = -3*t - o + 1112, -2*t + 2*o + 2220 = 0. List the prime factors of t.
11, 101
Let t = 49 + -16. Let s = t - 23. List the prime factors of s.
2, 5
Let c = 949 - 368. List the prime factors of c.
7, 83
Let g(z) = -3*z + 0*z + 4*z + 17*z**2 - 2. Suppose -5*f - 2*s + s + 9 = 0, -19 = -3*f - 4*s. What are the prime factors of g(f)?
2
Suppose 0 = -4*t - 5*a + 40, 2*a - 18 = 3*t - 48. Suppose -5*j = -t, s = -2*s - 5*j + 67. List the prime factors of s.
19
Suppose 54*q = 2*u + 49*q - 299, 4*u + 4*q - 612 = 0. What are the prime factors of u?
2, 19
Let c = 41 - 36. Suppose 2*r + 317 = 5*r - 4*v, -c*r - 2*v = -563. What are the prime factors of r?
3, 37
Let u = 1 + -9. Let k = u + 13. Suppose 3*p - 4*a + 0*a = 49, -k*a - 75 = -5*p. What are the prime factors of p?
11
Let v = -19 + 30. Let w be (-114)/(-22) + (-2)/v. Let j = w + 4. What are the prime factors of j?
3
Let x(v) = 95*v + 309. What are the prime factors of x(34)?
3539
Let w(c) = 43*c**2 + 20*c - 37. List the prime factors of w(2).
5, 7
Let t = -933 - -1573. What are the prime factors of t?
2, 5
List the prime factors of 27379/22 - (-21)/(-14).
11, 113
Suppose -2*h = -4*h - 5*y + 36, y + 28 = 4*h. Let i = 16 - h. Suppose -l + 13 = -i. What are the prime factors of l?
3, 7
Suppose -1309 = -6*m - 49. Suppose 4*a + a - m = 0. List the prime factors of a.
2, 3, 7
Suppose -7*w - 3480 = -946. Let j = 532 + w. List the prime factors of j.
2, 5, 17
Let y = 10 - 6. Let n(m) = m**2 - 6*m + 8. Let p be n(2). Suppose 0 = c - 3*z - 23, -y*z = -c - p*z + 24. What are the prime factors of c?
2, 5
Suppose 0 = -4*o + 247 + 29. Let b = o + -30. What are the prime factors of b?
3, 13
Let s(y) = 9*y**2 - 23*y - 56. What are the prime factors of s(22)?
2, 7, 271
Let x(c) = c + 1. Let q(w) = -w**3 - 4*w**2 + 5*w - 14. Let b(f) = q(f) + 3*x(f). List the prime factors of b(-7).
2, 5
Let r be (3/(-2))/(12/(-16)). Suppose r*i = -i + 144. Suppose 0*x + n = 4*x - 64, -3*n = 3*x - i. What are the prime factors of x?
2
Suppose 11*a = 8*a + 27. Suppose 0 = 5*g - a*g + 636. List the prime factors of g.
3, 53
Suppose 0 = 2*j - 2, -5*n + 2*j + 234 = j. Let k = n + -2. What are the prime factors of k?
3, 5
Suppose -3*w + 3*d = 18, 5*w + 5*d + 50 = -0*d. Let t(x) = x**2 + 2*x + 3. What are the prime factors of t(w)?
3, 17
Let p = -786 + 1331. What are the prime factors of p?
5, 109
What are the prime factors of 9/(81/(-6))*-57?
2, 19
Suppose 4*p + p + 2*n = -26, -3*p = n + 15. What are the prime factors of (-5)/((-10)/(-764))*2/p?
191
Let u be (-8)/6 - (2 + (-732)/9). Suppose h + 299 = 5*x - 2*x, -4*h + u = x. List the prime factors of x.
2, 7
Suppose -23*j + 28*j - 200 = 0. Let c(h) = -h**3 + 7*h**2 + 10*h + 5. Let p be c(8). Let d = j - p. List the prime factors of d.
19
Suppose 0*p = p + 4, 2*p = -3*g - 38. Let a(v) = -v**2 - 35*v - 16. What are the prime factors of a(g)?
2, 3, 13
Let d(r) be the second derivative of -r**5/20 + 7*r**4/6 - 7*r**3/2 - 9*r**2/2 + 28*r. What are the prime factors of d(10)?
181
Let j = -11 + 19. Suppose -q = g - 38, q + 4*g - 29 = 21. Let d = q - j. What are the prime factors of d?
2, 13
Let z = 14 - 14. Suppose -3*w = b - 78, z*b + 3*w - 210 = -3*b. List the prime factors of b.
2, 3, 11
What are the prime factors of (3 - -5) + 28 + 3 + 0?
3, 13
Let y be 185*(-5)/(4 - 5). Suppose -5*l - 5*p = -y, -5*p + 188 + 176 = 2*l. List the prime factors of l.
11, 17
Let x be (-2)/(-6) + (-5574)/(-18). Suppose 2*s - b - x = 0, -7*b = 4*s - 2*b - 634. Suppose -44 = 4*t - s. What are the prime factors of t?
2, 7
Suppose -3*s - 16*o + 21*o = -1034, -5*o = 20. List the prime factors of s.
2, 13
Let i(m) = m**2 + 9*m + 4. Let v be i(-9). Suppose 5*z - 353 = -v*y, -4*y - 203 = -4*z + 65. List the prime factors of z.
3, 23
Suppose 0 = -2*q - 2*o + 6056, -6*q + 8*q + 3*o = 6058. What are the prime factors of q?
2, 17, 89
Let g = -1148 + 2046. List the prime factors of g.
2, 449
Suppose -14*n = 2579 - 7255. What are the prime factors of n?
2, 167
Suppose 2*x + 34 = -4*o, -2*x + 26 = -2*o - 0*x. Let d = -2 - o. Let b = d + 24. List the prime factors of b.
2
Suppose -2*o + 1841 = -3*m, m = -3 - 0. What are the prime factors of o?
2, 229
Suppose 0*h - 4*h - 28 = 0. Let i be (2/8)/(h/(-28)). List the prime factors of 154/55*(i + 9).
2, 7
Let i be 24 + -2 + 3/3. Suppose 3*v + 3*k + 9 = 2*v, 0 = -4*k - 12. Let x = i - v. What are the prime factors of x?
23
Let q be (-21)/14*(-1072)/6. Suppose 8*c = 3*c - 4*a + 333, 0 = 4*c + 4*a - q. Suppose t - c = -4*t. What are the prime factors of t?
13
Let m(g) = 21*g - 8 - 10*g**2 - 56*g + 26*g + g**3. List the prime factors of m(11).
2, 7
Suppose 4*a = d + 7506, -5*d + 10*d - 10 = 0. List the prime factors of a.
1877
Let j = -2830 + 4260. List the prime factors of j.
2, 5, 11, 13
Let k be ((-3)/(-9))/((-3)/9). List the prime factors of 8/(-4) + k - -9.
2, 3
Let m(s) = -s**3 - 14*s**2 - 21*s + 63. What are the prime factors of m(-16)?
911
What are the prime factors of 33801/247 + 2/13?
137
Suppose 57*s - 50*s - 7175 = 0. What are the prime factors of s?
5, 41
Let b(i) = i**3 + 5*i**2 - i - 5. Let s be b(-5). Suppose y + 4*r = 60, s + 8 = -2*r. List the prime factors of y.
2, 19
Let x = 393 - 41. Suppose 2*i + x = 5*i - 2*n, -3*i + 368 = 2*n. What are the prime factors of i?
2, 3, 5
Let b(h) = -7*h**3 - 7*h**2 + 4*h - 4. What are the prime factors of b(-5)?
2, 13
Let k(q) be the second derivative of 0 + 1/3*q**3 - q**2 + 13*q + 19/4*q**4. What are the prime factors of k(1)?
3, 19
Let l = 244 + -163. Suppose 2*f - l - 38 = -3*s, 2*f + 2*s = 120. What are the prime factors of f?
61
Let m(d) be the first derivative of -3*d**2 - 2*d - 4. Let k be m(-1). List the prime factors of (-77)/(-28) + 1/k.
3
Suppose 13*v - 46*v = -20328. List the prime factors of v.
2, 7, 11
Suppose -484 - 5306 = -5*w - 3*q, -3468 = -3*w - 3*q. List the prime factors of w.
3, 43
Let w(u) = 3*u**2 - 41*u - 6. List the prime factors of w(14).
2
Let w(y) = -y**3 - 13*y**2 - 10*y + 24. Let c be w(-12). Suppose 0 = d - c*d - 95. What are the prime factors of d?
5, 19
Suppose 0 = -3*f + 5*i + 319, -i = 4*f - 289 - 167. Let s = 163 - f. What are the prime factors of s?
2, 5
Let s be 25/5 - 1/(-1). Let o = s + -8. List the prime factors of (-6)/4 + (-41)/o.
19
Let u(q) = 21*q**2 - 24*q + 63. List the prime factors of u(6).
3, 5
Let w(q) = q**2 + 4*q - 9. Let s be w(3). What are the prime factors of (3*13)/(s/16)?
2, 13
Suppose 0 = -13*h + 5728 + 187. What are the prime factors of h?
5, 7, 13
Let n = 40 + -29. Suppose -n = 4*p - 7. Let a = p + 6. List the prime factors of a.
5
Let n = 524 - 183. What are the prime factors of n?
11, 31
Suppose u + 1 = -5. Let h be u/4 - (-21)/(-14). List the prime factors of (-132)/h*9/12.
3, 11
Suppose -6 = -b + 2*h, -b + 15 = h - 6*h. Suppose o - 3*d - 69 = 26, b = -5*d - 15. Suppose 4*n + 34 - o = 0. What are the prime factors of n?
13
Let x(h) = -41*h + 3. Suppose -a = -5*p - 23, 0*a + 3*a - 21 = 3*p. Let q(z) = -42*z + 4. Let r(t) = a*x(t) - 2*q(t). What are the prime factors of r(-1)?
2, 5
Suppose 0 = -4*w - 0*w + 4*a + 136, w - 31 = -2*a. Suppose 0 = -5*t + b - 102, -t + 4*b = -3*t - 32. Let g = t + w. List the prime factors of g.
13
Let u be 0 + 0 + (3 - -21). Let k = -16 + u. Suppose -z = z - k. List the prime factors of z.
2
Let p(t) = -9*t**3 - 9*t**2 - 7*t - 55. Let r(x) = -5*x**3 - 4*x**2 - 4*x - 28. Let k(n) = -6*p(n) + 11*r(n). List the prime factors of k(7).
5, 31
Let h(b) = 5*b**2 - 25*b - 48. List the prime factors of h(-28).
2, 3, 127
Suppose v - 4*n = 122, -3*v + 2*n - 4*n = -296. Suppose v = -0*t + 3*t. Suppose -t = -5*h + 216. What are the prime factors of h?
2, 5
Suppose 2 = 2*w, -4*z - 11 = -3*z - 4*w. Let c(i) be the second derivative of -i**5/20 - 2*i**4/3 - 7*i**3/6 + 5*i**2 + 6*i. What are the prime 